 54. List the prime factors of a(i).
2, 3, 29
Let t be 3544/12*9/(-6). Let c = t + 700. What are the prime factors of c?
257
Suppose -2 = -m, 5*c + 3*m - 25901 = -4675. Suppose 3*x = -4*n + c, 5*n - 7187 = 5*x - 1882. List the prime factors of n.
1061
Suppose l + 4*w = -8, w - 4*w = 6. List the prime factors of 10/6*(l + 195).
5, 13
Let a = -165 - -81. Let l be a/(-6)*(-2)/(-7). Suppose -i + 66 = 2*v, l*i - 2*i = -3*v + 127. What are the prime factors of i?
2, 7
Let p = -7 - -12. Suppose 4*a - 3*u - 2*u = 21, 17 = p*a + 3*u. Suppose a*s + d - 210 = -d, -215 = -4*s - 3*d. List the prime factors of s.
2, 5
Let k be (5 - 4)/(2/(-4)) + 4. Suppose -450 = -k*d - 182. Suppose 0 = -4*j - 2*w - 0*w + d, -15 = -5*w. What are the prime factors of j?
2
Let z(d) = 13*d - 4*d + 49 - 73 + 2*d. Suppose 10 + 14 = b - 4*y, b + 2*y = 0. List the prime factors of z(b).
2
Let p(a) = 115*a**2 - 1441*a - 42. What are the prime factors of p(34)?
2, 3, 19, 23
Suppose 11*d + 14416 - 68602 = 0. List the prime factors of -3*1/(-18) + d/36.
137
Suppose -g + 9897 = -4*y, 0 = -3*g + 18*y - 21*y + 29661. What are the prime factors of g?
11, 29, 31
Let g = 13904 - 7310. Suppose -9*t + g + 309 = 0. What are the prime factors of t?
13, 59
Suppose 11*z = -399 - 41. What are the prime factors of z/(-16)*(296 + 6)?
5, 151
Suppose 17*w - 222398 - 357829 = 0. List the prime factors of w.
3, 31, 367
Suppose 3*w - 21 = -9. Let j(o) = 18*o - 10*o + 5*o - 16. List the prime factors of j(w).
2, 3
Suppose 4*c = c - 4*w + 4703, -2*w = -3*c + 4709. Suppose -2659 = -7*d + c. List the prime factors of d.
2, 151
Let g(j) = -2*j**3 - 11*j**2 - 5*j - 1. Let q be g(-9). Suppose 0 = -8*u + 429 + q. List the prime factors of u.
2, 5, 13
Let n be 5049/6 - 12/8. List the prime factors of n - (3 + 1 - 10).
2, 3, 47
List the prime factors of -12*(-3013286)/741 - 6/39.
2, 3, 2711
Suppose 15 = 5*m + t, 5*m - 5*t - 35 = -2*t. Suppose i + 4*n = 584, 11*i - 1752 = 8*i - m*n. List the prime factors of i.
2, 73
Let k(b) = -52*b + 43. Let z be k(5). Let m = z - -348. List the prime factors of m.
131
Suppose 0 = -13*n + 99 - 164. List the prime factors of 5/(-15)*(-2 - n) + 524.
523
Suppose 0 = -2*f - 3*s - 3886 + 16033, 2*f = -4*s + 12150. List the prime factors of f.
3, 7, 17
List the prime factors of (-80578)/(-32) + (-23)/368.
2, 1259
Suppose -1433 = -8*r + 679. Suppose 4*b - 144 = 528. Let g = r - b. What are the prime factors of g?
2, 3
Let t(o) = 2*o**2 - 3*o - 9. Let s be t(-5). Suppose -4*q + s = 5*m - m, -28 = -2*m - 4*q. Suppose i - m = 73. List the prime factors of i.
3, 29
Let k(z) = -z**3 + 52*z**2 + 19*z + 200. List the prime factors of k(50).
2, 3, 5, 41
Let r(o) = -14*o**3 - 456*o**2 + 32*o + 87. List the prime factors of r(-34).
3, 73, 101
Let y(r) = 811*r**2 - 90*r + 6. List the prime factors of y(-3).
3, 5, 101
Suppose 73 + 83 = 4*g. Suppose -4*w - 19 + g = 0. Suppose -1 + 181 = w*n. What are the prime factors of n?
2, 3
Suppose 2*y = -5*c + 4325, 2*c + 8*y - 1714 = 4*y. Let h = c - 548. What are the prime factors of h?
11, 29
Let u(m) = -2*m**3 - 49*m**2 + 54*m - 618. What are the prime factors of u(-45)?
3, 53, 503
Suppose -3416 = -3*z + v + 2855, 2*v = 2*z - 4174. What are the prime factors of 5 + (-40)/(-50) + z/10?
5, 43
Suppose 25778 = 3*f - y, -20*y + 22*y - 34364 = -4*f. List the prime factors of f.
2, 3, 179
Let q be (10/9)/((-18)/(-81)) - 14. List the prime factors of q - 2/(16/(-776)).
2, 11
Suppose -675*s = -672*s - 7656. Suppose 2439 = 7*i - s. What are the prime factors of i?
23, 31
Let y = 1628 + 14581. What are the prime factors of y?
3, 1801
Let y = -936 - -3853. Let i = -1781 + y. What are the prime factors of i?
2, 71
Let m = -3210 - -4713. What are the prime factors of m?
3, 167
Let s(p) = p**2 + 20*p - 91. Let v be s(-24). Suppose 3*w + v*q = 2*q + 447, -4*q - 596 = -4*w. List the prime factors of w.
149
Let j(s) = -s**3 - 3*s**2 - 3 - 12*s + s - 23*s**2 + 14*s**2. Let o be j(-11). List the prime factors of 112 + (-2 + o - -3).
2, 5, 11
Let t be 1 + -4 - (-327)/1. Suppose -4*u + c = -t, -2*u - 7*c + 5*c + 152 = 0. Suppose -u*o + 940 = -76*o. What are the prime factors of o?
5, 47
Let d be 275/10*(-24)/(-66). Let l = 1937 - d. List the prime factors of l.
41, 47
Let b(t) = t**3 + 14*t**2 + 11*t + 10. Let w = -60 - -47. Let a be b(w). Suppose 10*u = 6*u + a. List the prime factors of u.
3
Suppose 9151 = 21*o - 1454. Suppose h = -1 + o. What are the prime factors of h?
2, 3, 7
Suppose 5*o = -39*b + 34*b + 202835, -4*o = 3*b - 162272. List the prime factors of o.
29, 1399
Let c = -276 + 276. Suppose -5*h + 297 + 1328 = c. What are the prime factors of h?
5, 13
Suppose 0 = 2*d + r - 2, -4*d - 5*r = 2 + 6. Let o = -140 + 173. Suppose d = 6*k - o. What are the prime factors of k?
2, 3
Let d(i) = -7490*i**3 + 24*i**2 + 22*i + 3. List the prime factors of d(-2).
5, 2399
Let j be (4 - 572/10) + 1/5. Let w = -49 - j. Suppose -2*n - 2*b - 2*b + 288 = 0, -422 = -3*n + w*b. What are the prime factors of n?
2, 71
Let x(n) = 2*n + 14. Let y be x(-5). Suppose 3*v + 7 - y = 0, v = -3*f + 35. What are the prime factors of 1281/33 - f/(-66)?
3, 13
Let r(s) = s**3 + 4*s**2 - 7*s + 2. Let v be r(-5). Suppose 6*h - v*h = 0. Suppose -3*n = h, 2*n = -z - 2*z + 264. List the prime factors of z.
2, 11
Let j(x) = x**3 - 2*x + 3. Suppose -3*p + 2*p + 4 = 0. List the prime factors of j(p).
59
Let o(g) = g**3 + 14*g**2 + 10*g + 16. Suppose -5*q + 3*r = 48, 3*q - 36 = 7*q - 3*r. List the prime factors of o(q).
2, 23
Suppose -c + 18848 = -43 + 2298. List the prime factors of c.
3, 5531
Suppose -6 = -2*a + 2, h + 7 = 4*a. Suppose -h*t + 753 + 291 = 0. Suppose 8*q - 12*q = -t. List the prime factors of q.
29
Let b be 95/(-190)*(1 - 129). Let t be 538*-1*(-4 + 2). Suppose b = 5*n - t. List the prime factors of n.
2, 3, 19
What are the prime factors of (14/((-1400)/19625))/((3/(-4))/3)?
5, 157
List the prime factors of (-40)/25 - 45306/(-10) - (-1 + 1).
7, 647
Suppose -2*f - 40 = -7*f. Let t be (-84)/112 + 103214/f. What are the prime factors of t/57 - 1/3?
2, 113
Let k = 9734 - 468. List the prime factors of k.
2, 41, 113
Let n = 3259 - 2303. What are the prime factors of n?
2, 239
Suppose 360 - 1716 = -2*z. Let k = z - 480. Suppose 0*j - 5*x = -2*j + 351, j = -2*x + k. List the prime factors of j.
2, 47
Let z be 4 + (2/(-11) - 40/22). Let w(s) = 524*s - 36. List the prime factors of w(z).
2, 11, 23
Let o = -15 - -17. Suppose -35 - 51 = x + 2*m, o*m + 470 = -5*x. Let y = 219 + x. What are the prime factors of y?
3, 41
Suppose -5*p - 35 = 4*z, -5*z - 74 = p - 4. List the prime factors of (-5 + 11 + -11)*z.
3, 5
Suppose 17 = 5*j + 2. Suppose -4*m - j*m = 0. What are the prime factors of (m + 142)/(18/9)?
71
Let p(s) be the third derivative of -31*s**2 + 0 + 1/30*s**5 + 0*s - 1/120*s**6 + 7/12*s**4 + 2*s**3. What are the prime factors of p(-6)?
2, 3
Let w(n) = 9*n + 79. Suppose -6*b - 335 = -419. List the prime factors of w(b).
5, 41
Let o = 3213 + -1180. Suppose -2*f = -3*b + 3161, -4*b = -4*f - 2179 - o. List the prime factors of b.
5, 211
Suppose 3*c = -294*f + 296*f + 33842, 3*c - 5*f - 33845 = 0. What are the prime factors of c?
2, 3, 5, 47
Suppose -8*k + 2 - 10 = 0. List the prime factors of k/(-2)*-4*(-249)/6.
83
Let n be 0 + (0 + -4)*-1. Let t(r) = 2*r**3 - 3*r**2 + r + 9. List the prime factors of t(n).
3, 31
Suppose 0 = y, 32505 = 5*k - 2*y + 5485. List the prime factors of k.
2, 7, 193
Suppose 0 = -3*x, 4*p + x - 60 = 2*x. What are the prime factors of (466/(-4))/((-6)/(p - -9))?
2, 233
Let t be (-6 + 8)*(-1855)/14. Let a = t - -562. What are the prime factors of a?
3, 11
Suppose a - v = 2373, -34*a = -36*a - 4*v + 4764. Suppose -17*t + a = -3897. List the prime factors of t.
3, 41
Let a be (-305)/(-20) - (2 + -1)/4. Let i = a - 6. What are the prime factors of i/(-4)*5*-4?
3, 5
Suppose 413*f + p = 416*f - 55875, -3*f + 55857 = 2*p. List the prime factors of f.
11, 1693
List the prime factors of 11 + 11 + -10 + (-43026)/(-3).
2, 7177
Suppose -11*q + 4417 = -1897. Suppose 3*m = -5*z + 288, 5*m - 2*z - q + 125 = 0. Suppose 4*y - m = -2*v + 3*y, 4*y = v - 68. List the prime factors of v.
2, 3
Suppose 87*u - 137*u = -2750. Let p = -4 + -16. Let h = u + p. What are the prime factors of h?
5, 7
Supp